ue
Is 126953 prime?
False
Is 121139171 prime?
True
Is 40071007 composite?
True
Is 56716823 a composite number?
True
Is 990191 a composite number?
True
Is 16815763 prime?
True
Is 436739 prime?
True
Is 4393369 prime?
True
Is 6621731 a prime number?
True
Is 129841 composite?
False
Is 54113911 composite?
True
Is 476219 composite?
False
Is 6465649 prime?
False
Is 18319393 a prime number?
False
Is 1206277 a prime number?
True
Is 3033437 composite?
True
Is 16395089 composite?
True
Is 25387711 prime?
False
Is 63933251 prime?
False
Is 20570677 prime?
True
Is 301120679 prime?
True
Is 21250847 a prime number?
False
Is 9233899 composite?
False
Is 6352459 composite?
True
Is 17083411 prime?
False
Is 144063877 composite?
False
Is 38456177 a prime number?
False
Is 434821 a prime number?
True
Is 8296781 composite?
False
Is 12497561 prime?
True
Is 5506855 a prime number?
False
Is 1252579 composite?
False
Is 47828329 a prime number?
True
Is 208055513 a composite number?
True
Is 88609981 a composite number?
True
Is 124694261 prime?
False
Is 17784763 a composite number?
True
Is 5207297 prime?
False
Is 5658673 prime?
True
Is 447836713 a prime number?
True
Is 85036723 a prime number?
False
Is 11076479 a composite number?
False
Is 631577137 a prime number?
False
Is 2354965 composite?
True
Is 44659661 a composite number?
True
Is 2537341 a prime number?
True
Is 9370223 prime?
False
Is 4991839 a prime number?
True
Is 118503013 prime?
False
Is 2373611 composite?
False
Is 1176991 composite?
True
Is 185173397 prime?
True
Is 12691103 a prime number?
True
Is 5966111 composite?
True
Is 75586261 a prime number?
True
Is 105382339 a prime number?
False
Is 1769737 composite?
False
Is 143897581 a prime number?
True
Is 1131591 prime?
False
Is 134311111 a prime number?
False
Is 810631 composite?
True
Is 900791 a composite number?
True
Is 42155471 a composite number?
True
Is 8799671 composite?
False
Is 11714793 composite?
True
Is 834437 a prime number?
False
Is 36249013 a composite number?
True
Is 14932199 composite?
False
Is 3501614 a prime number?
False
Is 531331 composite?
False
Is 1565789 composite?
False
Is 25890383 a prime number?
False
Is 300169 prime?
False
Is 138987445 prime?
False
Is 1775171 a composite number?
False
Is 19979797 composite?
False
Is 346754849 a composite number?
True
Is 3112507 composite?
False
Is 4574809 a prime number?
False
Is 14005643 prime?
False
Is 41547593 prime?
False
Is 1861507 prime?
False
Is 2375713 prime?
True
Is 57566881 prime?
False
Is 793927 a prime number?
True
Is 7037629 prime?
True
Is 73727365 a prime number?
False
Is 21763 composite?
True
Is 31607917 composite?
True
Is 38696461 prime?
False
Is 12372433 a prime number?
False
Is 11786759 prime?
True
Is 63934315 prime?
False
Is 248143613 composite?
True
Is 16006483 a composite number?
False
Is 5057491 prime?
False
Is 378893479 a prime number?
True
Is 42131659 composite?
True
Is 4081767 prime?
False
Is 1493329 composite?
False
Is 165980233 a composite number?
False
Is 6307615 a prime number?
False
Is 66152903 composite?
True
Is 22558247 composite?
False
Is 4415669 prime?
True
Is 12246343 prime?
False
Is 1004209 prime?
True
Is 74375666 composite?
True
Is 1044653 a prime number?
True
Is 7410103 a prime number?
True
Is 169645321 a composite number?
False
Is 125580209 a composite number?
True
Is 43188745 prime?
False
Is 1015286531 composite?
True
Is 15490159 a prime number?
True
Is 1268966 prime?
False
Is 4144079 a prime number?
True
Is 269497933 prime?
True
Is 2321039 a composite number?
True
Is 17449493 a composite number?
False
Is 29118361 a prime number?
False
Is 5754373 a composite number?
False
Is 1596163 a prime number?
True
Is 99784481 composite?
True
Is 958627 prime?
True
Is 5288681 composite?
False
Is 3154397 prime?
True
Is 13262785 prime?
False
Is 800549 a composite number?
False
Is 124422227 a composite number?
False
Is 507391 a composite number?
True
Is 171067 prime?
False
Is 18347149 a composite number?
False
Is 120210289 composite?
False
Is 1232083 prime?
True
Is 50032363 prime?
True
Is 460771 prime?
True
Is 6226537 a composite number?
True
Is 74944183 a prime number?
False
Is 147525935 a composite number?
True
Is 263527907 a prime number?
True
Is 10395001 prime?
True
Is 6077999 composite?
False
Is 719213101 composite?
True
Is 27866833 a prime number?
True
Is 952123 prime?
True
Is 90641 a prime number?
True
Is 3605971 prime?
False
Is 1849079 prime?
True
Is 140888569 a composite number?
False
Is 1432675457 a composite number?
False
Is 3047353 prime?
False
Is 50430251 composite?
True
Is 370469 a prime number?
False
Is 1015273787 composite?
True
Is 36551341 prime?
True
Is 425254 a composite number?
True
Is 59816773 a prime number?
True
Is 27806111 a composite number?
False
Is 314213 prime?
True
Is 9099161 prime?
True
Is 1412855 prime?
False
Is 37868731 prime?
False
Is 5503943 composite?
True
Is 116153 a composite number?
True
Is 25787821 prime?
False
Is 46309013 a composite number?
False
Is 1808750849 a prime number?
True
Is 142164089 a composite number?
False
Is 109289 prime?
False
Is 3677257 composite?
False
Is 4151629 a prime number?
True
Is 19697021 a prime number?
True
Is 5673379 a composite number?
True
Is 1170714247 a composite number?
False
Is 9350893 a prime number?
True
Is 4051379 a prime number?
True
Is 86559639 a composite number?
True
Is 69856903 a composite number?
False
Is 266261 prime?
True
Is 134082759 a composite number?
True
Is 65159057 prime?
True
Is 174788431 a composite number?
True
Is 24209023 composite?
False
Is 308160389 composite?
False
Is 6035197 composite?
True
Is 99734707 a composite number?
False
Is 6614 prime?
False
Is 47967551 a composite number?
False
Is 7838941 composite?
True
Is 1733447 prime?
False
Is 2746247 a prime number?
False
Is 24698581 a prime number?
True
Is 203647 composite?
True
Is 1310739 prime?
False
Is 6124241 a composite number?
True
Is 163571219 a prime number?
False
Is 7087786 a composite number?
True
Is 13677637 prime?
True
Is 10638221 a prime number?
False
Is 21752873 a prime number?
True
Is 220699909 prime?
True
Is 5362603 a composite number?
True
Is 148506541 a composite number?
True
Is 178942859 composite?
False
Is 23010161 a composite number?
False
Is 24086285 prime?
False
Is 38186749 a composite number?
False
Is 160746653 composite?
False
Is 11908943 prime?
False
Is 34240519 prime?
False
Is 12385519 a composite number?
False
Is 54570115 composite?
True
Is 751657 a composite number?
True
Is 4855733 a prime number?
False
Is 16896481 a composite number?
True
Is 183641 prime?
False
Is 8150042 prime?
False
Is 24539 a composite number?
True
Is 93025633 a composite number?
False
Is 1049333 composite?
False
Is 248174923 composite?
False
Is 75515959 a composite number?
True
Is 359875631 a composite number?
False
Is 6480931 a composite number?
False
Is 4525997 a prime number?
False
Is 2349449 prime?
False
Is 14805851 a prime number?
False
Is 2177123 prime?
False
Is 92415683 prime?
False
Is 539447 composite?
False
Is 89865487 a prime number?
False
Is 2700881 prime?
True
Is 222181 a prime number?
False
Is 12654881 composite?
False
Is 14278489 prime?
True
Is 167507 a prime number?
False
Is 58344023 a prime number?
False
Is 21451657 a prime number?
False
Is 3063759 composite?
True
Is 49423001 a prime number?
True
Is 79387261 composite?
True
Is 6708017 a composite number?
False
Is 967840347 composite?
True
Is 58980953 a prime number?
True
Is 4168159 prime?
True
Is 3443963 a prime number?
True
Is 44765803 prime?
True
Is 12633897 composite?
True
Is 227884753 a composite number?
False
Is 1036891 a prime number?
False
Is 1121819 prime?
True
Is 6325477 prime?
False
Is 2260382 prime?
False
Is 6571811 prime?
True
Is 1216463 a composite number?
True
Is 1807691 prime?
True
Is 38338889 a composite number?
False
Is 271796801 prime?
False
Is 2994617 a prime number?
False
Is 2853337 composite?
False
Is 27587701 a composite number?
True
Is 5926631 a composite number?
True
Is 9904751 prime?
True
Is 57208777 a composite number?
False
Is 162853181 a prime number?
True
Is 31485689 a prime number?
False
Is 16890191 a composite number?
False
Is 5820067 a composite number?
True
Is 3572677 a composite number?
True
Is 87553 prime?
True
Is 803123 a composite nu